
3971
Calculate the remainder when 142920256 is divided by 3069.
3064
Calculate the remainder when 18044 is divided by 527.
126
Calculate the remainder when 1580857 is divided by 31.
12
Calculate the remainder when 41238 is divided by 5825.
463
Calculate the remainder when 839734 is divided by 2388.
1546
Calculate the remainder when 311975 is divided by 830.
725
What is the remainder when 18951 is divided by 2189?
1439
What is the remainder when 209986 is divided by 46?
42
Calculate the remainder when 32397117 is divided by 13.
12
Calculate the remainder when 28840854 is divided by 2052.
2046
Calculate the remainder when 59482946 is divided by 212439.
26
What is the remainder when 123597 is divided by 3527?
152
Calculate the remainder when 484609333 is divided by 1110.
1093
What is the remainder when 1748 is divided by 870?
8
What is the remainder when 16672879 is divided by 876?
847
What is the remainder when 4909 is divided by 1066?
645
Calculate the remainder when 1643828 is divided by 27861.
29
What is the remainder when 7324 is divided by 3647?
30
What is the remainder when 260940 is divided by 15?
0
What is the remainder when 772112 is divided by 70?
12
What is the remainder when 29655584 is divided by 135?
134
What is the remainder when 689765 is divided by 23782?
87
Calculate the remainder when 21163 is divided by 2144.
1867
What is the remainder when 6013 is divided by 80?
13
What is the remainder when 241037885 is divided by 16?
13
What is the remainder when 161046310 is divided by 8950?
10
What is the remainder when 270898 is divided by 8656?
2562
Calculate the remainder when 619330 is divided by 309075.
1180
What is the remainder when 77875458 is divided by 260453?
11
Calculate the remainder when 41426420 is divided by 1019.
1013
What is the remainder when 4895432 is divided by 14526?
170
What is the remainder when 747820 is divided by 29?
26
Calculate the remainder when 3293173 is divided by 3656.
2773
What is the remainder when 2768759 is divided by 419?
7
What is the remainder when 6806728 is divided by 1254?
16
Calculate the remainder when 4951625 is divided by 1237902.
17
What is the remainder when 20606094 is divided by 867?
105
Calculate the remainder when 70001 is divided by 17493.
29
What is the remainder when 12510 is divided by 418?
388
What is the remainder when 1282724 is divided by 427574?
2
What is the remainder when 1252649 is divided by 4641?
4220
Calculate the remainder when 521357 is divided by 607.
551
Calculate the remainder when 6523026 is divided by 3634.
3630
What is the remainder when 1357279 is divided by 9233?
28
Calculate the remainder when 85114193 is divided by 2453.
2452
What is the remainder when 354308 is divided by 7363?
884
Calculate the remainder when 2338 is divided by 1438.
900
Calculate the remainder when 20651 is divided by 1865.
136
What is the remainder when 1897175 is divided by 2680?
2415
What is the remainder when 2210126 is divided by 1574?
230
What is the remainder when 14778017 is divided by 1266?
1265
Calculate the remainder when 2393128 is divided by 242.
232
Calculate the remainder when 507225 is divided by 38981.
472
What is the remainder when 4035791 is divided by 10937?
38
Calculate the remainder when 870264 is divided by 870260.
4
Calculate the remainder when 4070204 is divided by 51.
47
Calculate the remainder when 176819766 is divided by 10.
6
Calculate the remainder when 587678 is divided by 65275.
203
Calculate the remainder when 933678 is divided by 22744.
1174
What is the remainder when 160405 is divided by 11455?
35
What is the remainder when 543762 is divided by 2049?
777
Calculate the remainder when 15791156 is divided by 57.
47
Calculate the remainder when 10887005 is divided by 1555285.
10
What is the remainder when 28667 is divided by 1843?
1022
Calculate the remainder when 4425417 is divided by 34845.
102
What is the remainder when 48733413 is divided by 5414819?
42
Calculate the remainder when 5610 is divided by 509.
11
Calculate the remainder when 149925 is divided by 12106.
4653
What is the remainder when 997405 is divided by 933?
28
Calculate the remainder when 2194774 is divided by 16754.
0
What is the remainder when 130349 is divided by 2774?
2745
What is the remainder when 7939831 is divided by 1587960?
31
Calculate the remainder when 22241 is divided by 5534.
105
Calculate the remainder when 77036289 is divided by 3622.
3593
Calculate the remainder when 93287414 is divided by 8613.
11
What is the remainder when 7053486 is divided by 3526743?
0
Calculate the remainder when 9841428 is divided by 2162.
4
Calculate the remainder when 15518 is divided by 2951.
763
What is the remainder when 835767 is divided by 57?
33
What is the remainder when 491824 is divided by 149?
124
What is the remainder when 87978 is divided by 1913?
1893
What is the remainder when 951505 is divided by 591?
586
Calculate the remainder when 901272 is divided by 348.
300
Calculate the remainder when 537277 is divided by 25.
2
Calculate the remainder when 1788363 is divided by 2230.
2133
What is the remainder when 19012 is divided by 83?
5
What is the remainder when 73699332 is divided by 1889?
1886
What is the remainder when 41166078 is divided by 426?
420
Calculate the remainder when 1550704 is divided by 774432.
1840
What is the remainder when 49572856 is divided by 144?
136
Calculate the remainder when 57448 is divided by 1400.
48
What is the remainder when 12307005 is divided by 192?
189
What is the remainder when 6364145 is divided by 47?
16
Calculate the remainder when 2449401 is divided by 20.
1
Calculate the remainder when 20884 is divided by 299.
253
Calculate the remainder when 23165 is divided by 181.
178
Calculate the remainder when 249483535 is divided by 62.
61
What is the remainder when 1657499 is divided by 81?
77
What is the remainder when 775703 is divided by 7995?
188
What is the remainder when 35304 is divided by 397?
368
Calculate the remainder when 28551725 is divided by 3171.
41
What is the remainder when 336200557 is divided by 5119?
5113
What is the remainder when 31671 is divided by 253?
46
Calculate the remainder when 1258813 is divided by 19668.
61
Calculate the remainder when 271237 is divided by 135559.
119
What is the remainder when 109313 is divided by 109284?
29
What is the remainder when 959064 is divided by 1908?
1248
Calculate the remainder when 243529402 is divided by 805.
802
Calculate the remainder when 784721 is divided by 37363.
98
What is the remainder when 36076 is divided by 7160?
276
What is the remainder when 599917 is divided by 141?
103
Calculate the remainder when 404661 is divided by 71.
32
Calculate the remainder when 18991990 is divided by 30.
10
What is the remainder when 1003380 is divided by 69?
51
What is the remainder when 8402702 is divided by 7853?
7845
Calculate the remainder when 43916729 is divided by 111.
23
Calculate the remainder when 706928 is divided by 16819.
530
Calculate the remainder when 7517143 is divided by 4.
3
What is the remainder when 531618 is divided by 75934?
80
What is the remainder when 376885 is divided by 34065?
2170
Calculate the remainder when 56035660 is divided by 4259.
4256
What is the remainder when 14935475 is divided by 194?
191
Calculate the remainder when 1972519 is divided by 140894.
3
Calculate the remainder when 27341 is divided by 8506.
1823
Calculate the remainder when 2210656 is divided by 1193.
27
Calculate the remainder when 1276536 is divided by 2364.
2340
What is the remainder when 5973823 is divided by 2159?
2029
Calculate the remainder when 11986 is divided by 5798.
390
What is the remainder when 91785 is divided by 455?
330
Calculate the remainder when 380888 is divided by 720.
8
Calculate the remainder when 24244226 is divided by 6061052.
18
What is the remainder when 1867433 is divided by 49?
43
What is the remainder when 213189 is divided by 213159?
30
What is the remainder when 2759378 is divided by 20?
18
What is the remainder when 162967 is divided by 4531?
4382
Calculate the remainder when 171335613 is divided by 34.
25
Calculate the remainder when 107095 is divided by 3062.
2987
Calculate the remainder when 5583948 is divided by 1116765.
123
Calculate the remainder when